{"id":55,"date":"2015-05-19T13:55:23","date_gmt":"2015-05-19T13:55:23","guid":{"rendered":"http:\/\/exposec.tmp.br\/16\/?page_id=55"},"modified":"2026-02-10T14:48:55","modified_gmt":"2026-02-10T14:48:55","slug":"sobre-a-fireshow","status":"publish","type":"page","link":"https:\/\/fireshow.com.br\/?page_id=55","title":{"rendered":"Sobre a Fire Show"},"content":{"rendered":"\t\t<div data-elementor-type=\"wp-page\" data-elementor-id=\"55\" class=\"elementor elementor-55\">\n\t\t\t\t\t\t<section class=\"elementor-section elementor-top-section elementor-element elementor-element-8315787 elementor-section-boxed elementor-section-height-default elementor-section-height-default\" data-id=\"8315787\" data-element_type=\"section\" data-settings=\"{&quot;background_background&quot;:&quot;classic&quot;}\">\n\t\t\t\t\t\t<div class=\"elementor-container elementor-column-gap-default\">\n\t\t\t\t\t<div class=\"elementor-column elementor-col-100 elementor-top-column elementor-element elementor-element-98d6c50\" data-id=\"98d6c50\" data-element_type=\"column\">\n\t\t\t<div class=\"elementor-widget-wrap elementor-element-populated\">\n\t\t\t\t\t\t<div class=\"elementor-element elementor-element-2d00c22 elementor-widget elementor-widget-heading\" data-id=\"2d00c22\" data-element_type=\"widget\" data-widget_type=\"heading.default\">\n\t\t\t\t<div class=\"elementor-widget-container\">\n\t\t\t<h1 class=\"elementor-heading-title elementor-size-default\">FIRE SHOW<\/h1>\t\t<\/div>\n\t\t\t\t<\/div>\n\t\t\t\t<div class=\"elementor-element elementor-element-451f394 elementor-widget-divider--view-line elementor-widget elementor-widget-divider\" data-id=\"451f394\" data-element_type=\"widget\" data-widget_type=\"divider.default\">\n\t\t\t\t<div class=\"elementor-widget-container\">\n\t\t\t\t\t<div class=\"elementor-divider\">\n\t\t\t<span class=\"elementor-divider-separator\">\n\t\t\t\t\t\t<\/span>\n\t\t<\/div>\n\t\t\t\t<\/div>\n\t\t\t\t<\/div>\n\t\t\t\t<div class=\"elementor-element elementor-element-7c017ac elementor-widget elementor-widget-heading\" data-id=\"7c017ac\" data-element_type=\"widget\" data-widget_type=\"heading.default\">\n\t\t\t\t<div class=\"elementor-widget-container\">\n\t\t\t<h2 class=\"elementor-heading-title elementor-size-default\">Feira Internacional de <b>Resgate e Prote\u00e7\u00e3o<\/b> Contra Inc\u00eandios<\/h2>\t\t<\/div>\n\t\t\t\t<\/div>\n\t\t\t\t<div class=\"elementor-element elementor-element-420651f elementor-widget elementor-widget-text-editor\" data-id=\"420651f\" data-element_type=\"widget\" data-widget_type=\"text-editor.default\">\n\t\t\t\t<div class=\"elementor-widget-container\">\n\t\t\t\t\t\t\t<p>Organizada e promovida pela\u00a0<strong><a href=\"http:\/\/www.fieramilano.com.br\/\" target=\"_blank\" rel=\"noopener noreferrer\">Fiera Milano Brasil<\/a><\/strong>\u00a0com realiza\u00e7\u00e3o da\u00a0<strong><a href=\"http:\/\/abiex.org.br\/\" target=\"_blank\" rel=\"noopener noreferrer\">ABIEX \u2013 Associa\u00e7\u00e3o Brasileira das Ind\u00fastrias de Equipamentos Contra Inc\u00eandios e Cilindros de Alta Press\u00e3o<\/a><\/strong>, a\u00a0<strong>FIRE SHOW \u2013 International Fire Fair<\/strong>\u00a0chega a sua\u00a0<strong>16\u00aa edi\u00e7\u00e3o<\/strong>\u00a0trazendo mais de\u00a0<strong>800 marcas*<\/strong>\u00a0que apresentar\u00e3o novidades em produtos, servi\u00e7os e tecnologias na \u00e1rea de resgate e prote\u00e7\u00e3o contra inc\u00eandios.<\/p><p>A Fire Show acontecer\u00e1 de\u00a0<strong>06 a 08 de outubro de 2026<\/strong>, das 13h \u00e0s 21h, no S\u00e3o Paulo Expo Exhibition and Convention Center, e espera receber cerca de <strong>+64\u00a0mil visitantes*<\/strong>\u00a0entre bombeiros, cipeiros, compradores, integradores, inspetores de riscos, socorristas e muitos outros profissionais do setor.<\/p><p>Um evento simult\u00e2neo \u00e0\u00a0<strong><a href=\"https:\/\/fispvirtual.com.br\/\" target=\"_blank\" rel=\"noopener noreferrer\">FISP \u2013 Feira Internacional de Seguran\u00e7a e Prote\u00e7\u00e3o<\/a><\/strong>, a FIRE SHOW vem consolidar seu objetivo de\u00a0difundir cada vez mais o conceito prevencionista, e trazer ao visitante acesso a uma ampla grade de cursos, workshops e semin\u00e1rios voltados para a atualiza\u00e7\u00e3o profissional.<\/p><p>* Juntamente com a Fisp | Feira Internacional de Seguran\u00e7a e Prote\u00e7\u00e3o<\/p>\t\t\t\t\t\t<\/div>\n\t\t\t\t<\/div>\n\t\t\t\t<section class=\"elementor-section elementor-inner-section elementor-element elementor-element-f9b6652 elementor-section-boxed elementor-section-height-default elementor-section-height-default\" data-id=\"f9b6652\" data-element_type=\"section\">\n\t\t\t\t\t\t<div class=\"elementor-container elementor-column-gap-default\">\n\t\t\t\t\t<div class=\"elementor-column elementor-col-33 elementor-inner-column elementor-element elementor-element-4615ed2\" data-id=\"4615ed2\" data-element_type=\"column\">\n\t\t\t<div class=\"elementor-widget-wrap\">\n\t\t\t\t\t\t\t<\/div>\n\t\t<\/div>\n\t\t\t\t<div class=\"elementor-column elementor-col-33 elementor-inner-column elementor-element elementor-element-a970635\" data-id=\"a970635\" data-element_type=\"column\">\n\t\t\t<div class=\"elementor-widget-wrap elementor-element-populated\">\n\t\t\t\t\t\t<div class=\"elementor-element elementor-element-88971cc elementor-widget elementor-widget-video\" data-id=\"88971cc\" data-element_type=\"widget\" data-settings=\"{&quot;youtube_url&quot;:&quot;https:\\\/\\\/youtu.be\\\/MDNDnmMYep0&quot;,&quot;video_type&quot;:&quot;youtube&quot;,&quot;controls&quot;:&quot;yes&quot;}\" data-widget_type=\"video.default\">\n\t\t\t\t<div class=\"elementor-widget-container\">\n\t\t\t\t\t<div class=\"elementor-wrapper elementor-open-inline\">\n\t\t\t<div class=\"elementor-video\"><\/div>\t\t<\/div>\n\t\t\t\t<\/div>\n\t\t\t\t<\/div>\n\t\t\t\t\t<\/div>\n\t\t<\/div>\n\t\t\t\t<div class=\"elementor-column elementor-col-33 elementor-inner-column elementor-element elementor-element-88310a9\" data-id=\"88310a9\" data-element_type=\"column\">\n\t\t\t<div class=\"elementor-widget-wrap\">\n\t\t\t\t\t\t\t<\/div>\n\t\t<\/div>\n\t\t\t\t\t<\/div>\n\t\t<\/section>\n\t\t\t\t\t<\/div>\n\t\t<\/div>\n\t\t\t\t\t<\/div>\n\t\t<\/section>\n\t\t\t\t<\/div>\n\t\t","protected":false},"excerpt":{"rendered":"<p>FIRE SHOW Feira Internacional de Resgate e Prote\u00e7\u00e3o Contra Inc\u00eandios Organizada e promovida pela\u00a0Fiera Milano Brasil\u00a0com realiza\u00e7\u00e3o da\u00a0ABIEX \u2013 Associa\u00e7\u00e3o Brasileira das Ind\u00fastrias de Equipamentos Contra Inc\u00eandios e Cilindros de Alta Press\u00e3o, a\u00a0FIRE SHOW \u2013 International Fire Fair\u00a0chega a sua\u00a016\u00aa edi\u00e7\u00e3o\u00a0trazendo mais de\u00a0800 marcas*\u00a0que apresentar\u00e3o novidades em produtos, servi\u00e7os e tecnologias na \u00e1rea de resgate [&hellip;]<\/p>\n","protected":false},"author":2,"featured_media":0,"parent":0,"menu_order":0,"comment_status":"closed","ping_status":"closed","template":"elementor_header_footer","meta":{"_joinchat":[],"footnotes":""},"class_list":["post-55","page","type-page","status-publish","hentry"],"yoast_head":"<!-- This site is optimized with the Yoast SEO plugin v18.1 - https:\/\/yoast.com\/wordpress\/plugins\/seo\/ -->\n<title>Conhe\u00e7a a 16\u00ba Edi\u00e7\u00e3o da Fire Show | International Fire Fair<\/title>\n<meta name=\"description\" content=\"A Fire Show Chega a sua 16\u00aa Edi\u00e7\u00e3o Trazendo mais de 700 Empresas* Apresentando Novidades e Tecnologias na \u00c1rea de Resgate e Prote\u00e7\u00e3o contra Inc\u00eandios.\" \/>\n<meta name=\"robots\" content=\"index, follow, max-snippet:-1, max-image-preview:large, max-video-preview:-1\" \/>\n<link rel=\"canonical\" href=\"https:\/\/fireshow.com.br\/?page_id=55\" \/>\n<meta property=\"og:locale\" content=\"pt_BR\" \/>\n<meta property=\"og:type\" content=\"article\" \/>\n<meta property=\"og:title\" content=\"Conhe\u00e7a a 16\u00ba Edi\u00e7\u00e3o da Fire Show | International Fire Fair\" \/>\n<meta property=\"og:description\" content=\"A Fire Show Chega a sua 16\u00aa Edi\u00e7\u00e3o Trazendo mais de 700 Empresas* Apresentando Novidades e Tecnologias na \u00c1rea de Resgate e Prote\u00e7\u00e3o contra Inc\u00eandios.\" \/>\n<meta property=\"og:url\" content=\"https:\/\/fireshow.com.br\/?page_id=55\" \/>\n<meta property=\"og:site_name\" content=\"Fire Show\" \/>\n<meta property=\"article:publisher\" content=\"https:\/\/www.facebook.com\/Fire-Show-1113145285392042\/\" \/>\n<meta property=\"article:modified_time\" content=\"2026-02-10T14:48:55+00:00\" \/>\n<meta name=\"twitter:card\" content=\"summary_large_image\" \/>\n<meta name=\"twitter:site\" content=\"@feirafireshow\" \/>\n<meta name=\"twitter:label1\" content=\"Est. tempo de leitura\" \/>\n\t<meta name=\"twitter:data1\" content=\"1 minuto\" \/>\n<script type=\"application\/ld+json\" class=\"yoast-schema-graph\">{\"@context\":\"https:\/\/schema.org\",\"@graph\":[{\"@type\":\"Organization\",\"@id\":\"https:\/\/fireshow.com.br\/#organization\",\"name\":\"Fire Show - International Fire Fair\",\"url\":\"https:\/\/fireshow.com.br\/\",\"sameAs\":[\"https:\/\/www.facebook.com\/Fire-Show-1113145285392042\/\",\"https:\/\/www.instagram.com\/fireshowbrasil\/\",\"https:\/\/www.youtube.com\/channel\/UCcrepgp7vdG5UxMwei4-OjA\",\"https:\/\/twitter.com\/feirafireshow\"],\"logo\":{\"@type\":\"ImageObject\",\"@id\":\"https:\/\/fireshow.com.br\/#logo\",\"inLanguage\":\"pt-BR\",\"url\":\"https:\/\/glorious-green-crane.72-61-35-14.cpanel.site\/wp-content\/uploads\/2017\/11\/favicon-fireshow.png\",\"contentUrl\":\"https:\/\/glorious-green-crane.72-61-35-14.cpanel.site\/wp-content\/uploads\/2017\/11\/favicon-fireshow.png\",\"width\":250,\"height\":250,\"caption\":\"Fire Show - International Fire Fair\"},\"image\":{\"@id\":\"https:\/\/fireshow.com.br\/#logo\"}},{\"@type\":\"WebSite\",\"@id\":\"https:\/\/fireshow.com.br\/#website\",\"url\":\"https:\/\/fireshow.com.br\/\",\"name\":\"Fire Show\",\"description\":\"International Fire Fair\",\"publisher\":{\"@id\":\"https:\/\/fireshow.com.br\/#organization\"},\"potentialAction\":[{\"@type\":\"SearchAction\",\"target\":{\"@type\":\"EntryPoint\",\"urlTemplate\":\"https:\/\/fireshow.com.br\/?s={search_term_string}\"},\"query-input\":\"required name=search_term_string\"}],\"inLanguage\":\"pt-BR\"},{\"@type\":\"WebPage\",\"@id\":\"https:\/\/fireshow.com.br\/?page_id=55#webpage\",\"url\":\"https:\/\/fireshow.com.br\/?page_id=55\",\"name\":\"Conhe\u00e7a a 16\u00ba Edi\u00e7\u00e3o da Fire Show | International Fire Fair\",\"isPartOf\":{\"@id\":\"https:\/\/fireshow.com.br\/#website\"},\"datePublished\":\"2015-05-19T13:55:23+00:00\",\"dateModified\":\"2026-02-10T14:48:55+00:00\",\"description\":\"A Fire Show Chega a sua 16\u00aa Edi\u00e7\u00e3o Trazendo mais de 700 Empresas* Apresentando Novidades e Tecnologias na \u00c1rea de Resgate e Prote\u00e7\u00e3o contra Inc\u00eandios.\",\"breadcrumb\":{\"@id\":\"https:\/\/fireshow.com.br\/?page_id=55#breadcrumb\"},\"inLanguage\":\"pt-BR\",\"potentialAction\":[{\"@type\":\"ReadAction\",\"target\":[\"https:\/\/fireshow.com.br\/?page_id=55\"]}]},{\"@type\":\"BreadcrumbList\",\"@id\":\"https:\/\/fireshow.com.br\/?page_id=55#breadcrumb\",\"itemListElement\":[{\"@type\":\"ListItem\",\"position\":1,\"name\":\"In\u00edcio\",\"item\":\"https:\/\/fireshow.com.br\/\"},{\"@type\":\"ListItem\",\"position\":2,\"name\":\"Sobre a Fire Show\"}]}]}<\/script>\n<!-- \/ Yoast SEO plugin. -->","yoast_head_json":{"title":"Conhe\u00e7a a 16\u00ba Edi\u00e7\u00e3o da Fire Show | International Fire Fair","description":"A Fire Show Chega a sua 16\u00aa Edi\u00e7\u00e3o Trazendo mais de 700 Empresas* Apresentando Novidades e Tecnologias na \u00c1rea de Resgate e Prote\u00e7\u00e3o contra Inc\u00eandios.","robots":{"index":"index","follow":"follow","max-snippet":"max-snippet:-1","max-image-preview":"max-image-preview:large","max-video-preview":"max-video-preview:-1"},"canonical":"https:\/\/fireshow.com.br\/?page_id=55","og_locale":"pt_BR","og_type":"article","og_title":"Conhe\u00e7a a 16\u00ba Edi\u00e7\u00e3o da Fire Show | International Fire Fair","og_description":"A Fire Show Chega a sua 16\u00aa Edi\u00e7\u00e3o Trazendo mais de 700 Empresas* Apresentando Novidades e Tecnologias na \u00c1rea de Resgate e Prote\u00e7\u00e3o contra Inc\u00eandios.","og_url":"https:\/\/fireshow.com.br\/?page_id=55","og_site_name":"Fire Show","article_publisher":"https:\/\/www.facebook.com\/Fire-Show-1113145285392042\/","article_modified_time":"2026-02-10T14:48:55+00:00","twitter_card":"summary_large_image","twitter_site":"@feirafireshow","twitter_misc":{"Est. tempo de leitura":"1 minuto"},"schema":{"@context":"https:\/\/schema.org","@graph":[{"@type":"Organization","@id":"https:\/\/fireshow.com.br\/#organization","name":"Fire Show - International Fire Fair","url":"https:\/\/fireshow.com.br\/","sameAs":["https:\/\/www.facebook.com\/Fire-Show-1113145285392042\/","https:\/\/www.instagram.com\/fireshowbrasil\/","https:\/\/www.youtube.com\/channel\/UCcrepgp7vdG5UxMwei4-OjA","https:\/\/twitter.com\/feirafireshow"],"logo":{"@type":"ImageObject","@id":"https:\/\/fireshow.com.br\/#logo","inLanguage":"pt-BR","url":"https:\/\/glorious-green-crane.72-61-35-14.cpanel.site\/wp-content\/uploads\/2017\/11\/favicon-fireshow.png","contentUrl":"https:\/\/glorious-green-crane.72-61-35-14.cpanel.site\/wp-content\/uploads\/2017\/11\/favicon-fireshow.png","width":250,"height":250,"caption":"Fire Show - International Fire Fair"},"image":{"@id":"https:\/\/fireshow.com.br\/#logo"}},{"@type":"WebSite","@id":"https:\/\/fireshow.com.br\/#website","url":"https:\/\/fireshow.com.br\/","name":"Fire Show","description":"International Fire Fair","publisher":{"@id":"https:\/\/fireshow.com.br\/#organization"},"potentialAction":[{"@type":"SearchAction","target":{"@type":"EntryPoint","urlTemplate":"https:\/\/fireshow.com.br\/?s={search_term_string}"},"query-input":"required name=search_term_string"}],"inLanguage":"pt-BR"},{"@type":"WebPage","@id":"https:\/\/fireshow.com.br\/?page_id=55#webpage","url":"https:\/\/fireshow.com.br\/?page_id=55","name":"Conhe\u00e7a a 16\u00ba Edi\u00e7\u00e3o da Fire Show | International Fire Fair","isPartOf":{"@id":"https:\/\/fireshow.com.br\/#website"},"datePublished":"2015-05-19T13:55:23+00:00","dateModified":"2026-02-10T14:48:55+00:00","description":"A Fire Show Chega a sua 16\u00aa Edi\u00e7\u00e3o Trazendo mais de 700 Empresas* Apresentando Novidades e Tecnologias na \u00c1rea de Resgate e Prote\u00e7\u00e3o contra Inc\u00eandios.","breadcrumb":{"@id":"https:\/\/fireshow.com.br\/?page_id=55#breadcrumb"},"inLanguage":"pt-BR","potentialAction":[{"@type":"ReadAction","target":["https:\/\/fireshow.com.br\/?page_id=55"]}]},{"@type":"BreadcrumbList","@id":"https:\/\/fireshow.com.br\/?page_id=55#breadcrumb","itemListElement":[{"@type":"ListItem","position":1,"name":"In\u00edcio","item":"https:\/\/fireshow.com.br\/"},{"@type":"ListItem","position":2,"name":"Sobre a Fire Show"}]}]}},"_links":{"self":[{"href":"https:\/\/fireshow.com.br\/index.php?rest_route=\/wp\/v2\/pages\/55","targetHints":{"allow":["GET"]}}],"collection":[{"href":"https:\/\/fireshow.com.br\/index.php?rest_route=\/wp\/v2\/pages"}],"about":[{"href":"https:\/\/fireshow.com.br\/index.php?rest_route=\/wp\/v2\/types\/page"}],"author":[{"embeddable":true,"href":"https:\/\/fireshow.com.br\/index.php?rest_route=\/wp\/v2\/users\/2"}],"replies":[{"embeddable":true,"href":"https:\/\/fireshow.com.br\/index.php?rest_route=%2Fwp%2Fv2%2Fcomments&post=55"}],"version-history":[{"count":52,"href":"https:\/\/fireshow.com.br\/index.php?rest_route=\/wp\/v2\/pages\/55\/revisions"}],"predecessor-version":[{"id":11180,"href":"https:\/\/fireshow.com.br\/index.php?rest_route=\/wp\/v2\/pages\/55\/revisions\/11180"}],"wp:attachment":[{"href":"https:\/\/fireshow.com.br\/index.php?rest_route=%2Fwp%2Fv2%2Fmedia&parent=55"}],"curies":[{"name":"wp","href":"https:\/\/api.w.org\/{rel}","templated":true}]}}