{"id":291,"date":"2015-09-10T17:35:01","date_gmt":"2015-09-10T17:35:01","guid":{"rendered":"http:\/\/exposec.tmp.br\/16\/?page_id=291"},"modified":"2025-09-15T01:30:50","modified_gmt":"2025-09-15T01:30:50","slug":"quem-expoe","status":"publish","type":"page","link":"https:\/\/fireshow.com.br\/?page_id=291","title":{"rendered":"Quem Exp\u00f5e"},"content":{"rendered":"\t\t<div data-elementor-type=\"wp-page\" data-elementor-id=\"291\" class=\"elementor elementor-291\">\n\t\t\t\t\t\t<section class=\"elementor-section elementor-top-section elementor-element elementor-element-0b568ae elementor-section-boxed elementor-section-height-default elementor-section-height-default\" data-id=\"0b568ae\" data-element_type=\"section\" data-settings=\"{&quot;background_background&quot;:&quot;classic&quot;}\">\n\t\t\t\t\t\t<div class=\"elementor-container elementor-column-gap-default\">\n\t\t\t\t\t<div class=\"elementor-column elementor-col-100 elementor-top-column elementor-element elementor-element-a19a94e\" data-id=\"a19a94e\" data-element_type=\"column\">\n\t\t\t<div class=\"elementor-widget-wrap elementor-element-populated\">\n\t\t\t\t\t\t<div class=\"elementor-element elementor-element-dc85bee elementor-widget elementor-widget-heading\" data-id=\"dc85bee\" data-element_type=\"widget\" data-widget_type=\"heading.default\">\n\t\t\t\t<div class=\"elementor-widget-container\">\n\t\t\t<h1 class=\"elementor-heading-title elementor-size-default\">Quem exp\u00f5e<\/h1>\t\t<\/div>\n\t\t\t\t<\/div>\n\t\t\t\t<div class=\"elementor-element elementor-element-3afa748 elementor-widget-divider--view-line elementor-widget elementor-widget-divider\" data-id=\"3afa748\" data-element_type=\"widget\" data-widget_type=\"divider.default\">\n\t\t\t\t<div class=\"elementor-widget-container\">\n\t\t\t\t\t<div class=\"elementor-divider\">\n\t\t\t<span class=\"elementor-divider-separator\">\n\t\t\t\t\t\t<\/span>\n\t\t<\/div>\n\t\t\t\t<\/div>\n\t\t\t\t<\/div>\n\t\t\t\t<div class=\"elementor-element elementor-element-8ced36d elementor-widget elementor-widget-heading\" data-id=\"8ced36d\" data-element_type=\"widget\" data-widget_type=\"heading.default\">\n\t\t\t\t<div class=\"elementor-widget-container\">\n\t\t\t<h3 class=\"elementor-heading-title elementor-size-default\">Empresas do setor de resgate e prote\u00e7\u00e3o contra inc\u00eandio<\/h3>\t\t<\/div>\n\t\t\t\t<\/div>\n\t\t\t\t<section class=\"elementor-section elementor-inner-section elementor-element elementor-element-28d3d30 elementor-section-boxed elementor-section-height-default elementor-section-height-default\" data-id=\"28d3d30\" data-element_type=\"section\">\n\t\t\t\t\t\t<div class=\"elementor-container elementor-column-gap-default\">\n\t\t\t\t\t<div class=\"elementor-column elementor-col-50 elementor-inner-column elementor-element elementor-element-71593ce\" data-id=\"71593ce\" data-element_type=\"column\">\n\t\t\t<div class=\"elementor-widget-wrap elementor-element-populated\">\n\t\t\t\t\t\t<div class=\"elementor-element elementor-element-d1097b1 elementor-widget elementor-widget-text-editor\" data-id=\"d1097b1\" data-element_type=\"widget\" data-widget_type=\"text-editor.default\">\n\t\t\t\t<div class=\"elementor-widget-container\">\n\t\t\t\t\t\t\t<ul><li>Abafadores de Fa\u00edsca<\/li><li>Abrigos<\/li><li>Acess\u00f3rios para Extintores<\/li><li>Acionadores Manuais<\/li><li>Agentes Extintores<\/li><li>Alarmes<\/li><li>Almofadas Pneum\u00e1ticas<\/li><li>Ar Respir\u00e1vel<\/li><li>Arm\u00e1rios de Seguran\u00e7a<\/li><li>Auditorias em Sinistros<\/li><li>Automa\u00e7\u00e3o<\/li><li>Autossalvamentos<\/li><li>Bolsas Kits<\/li><li>Bombas contra Inc\u00eandio e Centr\u00edfugas<\/li><li>Botas de Seguran\u00e7a<\/li><li>Capacetes<\/li><li>Centrais de Inc\u00eandio<\/li><li>Chuveiros Autom\u00e1ticos contra Inc\u00eandio<\/li><li>Coletores de Cigarros<\/li><li>Compressores<\/li><li>Descontamina\u00e7\u00e3o<\/li><li>Desencarceradores<\/li><li>Detector de Aspira\u00e7\u00e3o<\/li><li>Detector Linear<\/li><li>Detectores de Calor<\/li><li>Detectores de Fuma\u00e7a<\/li><li>Detectores de Inc\u00eandio<\/li><li>Detectores Termovelocim\u00e9tricos<\/li><li>Emerg\u00eancias Qu\u00edmicas<\/li><li>Engenharia de Inc\u00eandio<\/li><li>Entidades<\/li><li>Equipamento de Preven\u00e7\u00e3o e Combate a Inc\u00eandio<\/li><li>Equipamentos de Prote\u00e7\u00e3o Coletiva<\/li><li>Equipamentos de Prote\u00e7\u00e3o Individual<\/li><li>Equipamentos Fixos<\/li><li>Equipamentos para Montagem de Oficinas de Manuten\u00e7\u00e3o de Extintores<\/li><li>Equipamentos Port\u00e1teis<\/li><li>Escolas\u00a0<\/li><\/ul>\t\t\t\t\t\t<\/div>\n\t\t\t\t<\/div>\n\t\t\t\t\t<\/div>\n\t\t<\/div>\n\t\t\t\t<div class=\"elementor-column elementor-col-50 elementor-inner-column elementor-element elementor-element-9f2aa17\" data-id=\"9f2aa17\" data-element_type=\"column\">\n\t\t\t<div class=\"elementor-widget-wrap elementor-element-populated\">\n\t\t\t\t\t\t<div class=\"elementor-element elementor-element-fbafd74 elementor-widget elementor-widget-text-editor\" data-id=\"fbafd74\" data-element_type=\"widget\" data-widget_type=\"text-editor.default\">\n\t\t\t\t<div class=\"elementor-widget-container\">\n\t\t\t\t\t\t\t<ul><li>Esguichos<\/li><li>Extin\u00e7\u00e3o Autom\u00e1tica para Gases<\/li><li>Extintores<\/li><li>Extratos de Espuma<\/li><li>Ferramentas para Resgate<\/li><li>Gases Alternativos para Halon<\/li><li>Hidromaterial para Combate a Inc\u00eandio<\/li><li>Ilumina\u00e7\u00e3o de Emerg\u00eancia<\/li><li>Luvas Especiais<\/li><li>Mangueiras<\/li><li>Padiola Dobr\u00e1vel<\/li><li>Pallets de Conten\u00e7\u00e3o<\/li><li>Portas Corta-Fogo<\/li><li>Produtos Qu\u00edmicos<\/li><li>Projeto de Abandono de \u00c1rea<\/li><li>R\u00e1dios Integradores de Telecomunica\u00e7\u00e3o<\/li><li>Respira\u00e7\u00e3o Aut\u00f4noma<\/li><li>Roupas de Prote\u00e7\u00e3o contra Inc\u00eandio<\/li><li>Servi\u00e7os de Manuten\u00e7\u00e3o em Extintores<\/li><li>Sinaliza\u00e7\u00e3o de Seguran\u00e7a<\/li><li>Sirenes<\/li><li>Sistemas Autom\u00e1ticos de Supress\u00e3o de Inc\u00eandio<\/li><li>Sistemas de Combate a Inc\u00eandio<\/li><li>Sistemas de Comunica\u00e7\u00e3o<\/li><li>Sistemas de Detec\u00e7\u00e3o de Inc\u00eandio<\/li><li>Sistemas de Prote\u00e7\u00e3o contra Explos\u00e3o<\/li><li>Softwares<\/li><li>Sprinklers<\/li><li>Testes Hidrost\u00e1ticos<\/li><li>Transporte de Acidentados<\/li><li>Transporte de Produtos Perigosos<\/li><li>Treinamento de Brigadas de Inc\u00eandio e Primeiros Socorros<\/li><li>V\u00e1lvulas de Alarme<\/li><li>V\u00e1lvulas Hidr\u00e1ulicas<\/li><li>V\u00e1lvulas para Extintores de Inc\u00eandio<\/li><li>Ve\u00edculos de Combate a Inc\u00eandio<\/li><li>Viaturas<\/li><\/ul>\t\t\t\t\t\t<\/div>\n\t\t\t\t<\/div>\n\t\t\t\t\t<\/div>\n\t\t<\/div>\n\t\t\t\t\t<\/div>\n\t\t<\/section>\n\t\t\t\t<div class=\"elementor-element elementor-element-3a6a8eb elementor-mobile-align-center elementor-align-center elementor-widget elementor-widget-button\" data-id=\"3a6a8eb\" data-element_type=\"widget\" data-widget_type=\"button.default\">\n\t\t\t\t<div class=\"elementor-widget-container\">\n\t\t\t\t\t\t\t<div class=\"elementor-button-wrapper\">\n\t\t\t\t\t<a class=\"elementor-button elementor-button-link elementor-size-md\" href=\"https:\/\/glorious-green-crane.72-61-35-14.cpanel.site\/expositores-2026\/\">\n\t\t\t\t\t\t<span class=\"elementor-button-content-wrapper\">\n\t\t\t\t\t\t\t\t\t<span class=\"elementor-button-text\">Confira a lista dos expositores<\/span>\n\t\t\t\t\t<\/span>\n\t\t\t\t\t<\/a>\n\t\t\t\t<\/div>\n\t\t\t\t\t\t<\/div>\n\t\t\t\t<\/div>\n\t\t\t\t<div class=\"elementor-element elementor-element-731be9f elementor-widget elementor-widget-heading\" data-id=\"731be9f\" data-element_type=\"widget\" data-widget_type=\"heading.default\">\n\t\t\t\t<div class=\"elementor-widget-container\">\n\t\t\t<h3 class=\"elementor-heading-title elementor-size-default\">Garanta j\u00e1 o seu lugar no maior evento do setor.<\/h3>\t\t<\/div>\n\t\t\t\t<\/div>\n\t\t\t\t<div class=\"elementor-element elementor-element-8a184ab elementor-mobile-align-center elementor-align-center elementor-widget elementor-widget-button\" data-id=\"8a184ab\" data-element_type=\"widget\" data-widget_type=\"button.default\">\n\t\t\t\t<div class=\"elementor-widget-container\">\n\t\t\t\t\t\t\t<div class=\"elementor-button-wrapper\">\n\t\t\t\t\t<a class=\"elementor-button elementor-button-link elementor-size-md\" href=\"https:\/\/glorious-green-crane.72-61-35-14.cpanel.site\/por-que-expor\/\">\n\t\t\t\t\t\t<span class=\"elementor-button-content-wrapper\">\n\t\t\t\t\t\t\t\t\t<span class=\"elementor-button-text\">Seja um Expositor<\/span>\n\t\t\t\t\t<\/span>\n\t\t\t\t\t<\/a>\n\t\t\t\t<\/div>\n\t\t\t\t\t\t<\/div>\n\t\t\t\t<\/div>\n\t\t\t\t\t<\/div>\n\t\t<\/div>\n\t\t\t\t\t<\/div>\n\t\t<\/section>\n\t\t\t\t<\/div>\n\t\t","protected":false},"excerpt":{"rendered":"<p>Quem exp\u00f5e Empresas do setor de resgate e prote\u00e7\u00e3o contra inc\u00eandio Abafadores de Fa\u00edsca Abrigos Acess\u00f3rios para Extintores Acionadores Manuais Agentes Extintores Alarmes Almofadas Pneum\u00e1ticas Ar Respir\u00e1vel Arm\u00e1rios de Seguran\u00e7a Auditorias em Sinistros Automa\u00e7\u00e3o Autossalvamentos Bolsas Kits Bombas contra Inc\u00eandio e Centr\u00edfugas Botas de Seguran\u00e7a Capacetes Centrais de Inc\u00eandio Chuveiros Autom\u00e1ticos contra Inc\u00eandio Coletores de [&hellip;]<\/p>\n","protected":false},"author":2,"featured_media":0,"parent":0,"menu_order":0,"comment_status":"closed","ping_status":"closed","template":"","meta":{"_joinchat":[],"footnotes":""},"class_list":["post-291","page","type-page","status-publish","hentry"],"yoast_head":"<!-- This site is optimized with the Yoast SEO plugin v18.1 - https:\/\/yoast.com\/wordpress\/plugins\/seo\/ -->\n<title>Quem Exp\u00f5e na Fire Show | International Fire Fair<\/title>\n<meta name=\"description\" content=\"Confira Quem Exp\u00f5e na Fire Show, Setores, Empresas Nacionais e Internacionais que est\u00e3o no Evento Refer\u00eancia do Setor de Resgate e Prote\u00e7\u00e3o contra Inc\u00eandio\" \/>\n<meta name=\"robots\" content=\"index, follow, max-snippet:-1, max-image-preview:large, max-video-preview:-1\" \/>\n<link rel=\"canonical\" href=\"https:\/\/fireshow.com.br\/?page_id=291\" \/>\n<meta property=\"og:locale\" content=\"pt_BR\" \/>\n<meta property=\"og:type\" content=\"article\" \/>\n<meta property=\"og:title\" content=\"Quem Exp\u00f5e na Fire Show | International Fire Fair\" \/>\n<meta property=\"og:description\" content=\"Confira Quem Exp\u00f5e na Fire Show, Setores, Empresas Nacionais e Internacionais que est\u00e3o no Evento Refer\u00eancia do Setor de Resgate e Prote\u00e7\u00e3o contra Inc\u00eandio\" \/>\n<meta property=\"og:url\" content=\"https:\/\/fireshow.com.br\/?page_id=291\" \/>\n<meta property=\"og:site_name\" content=\"Fire Show\" \/>\n<meta property=\"article:publisher\" content=\"https:\/\/www.facebook.com\/Fire-Show-1113145285392042\/\" \/>\n<meta property=\"article:modified_time\" content=\"2025-09-15T01:30:50+00:00\" \/>\n<meta name=\"twitter:card\" content=\"summary_large_image\" \/>\n<meta name=\"twitter:site\" content=\"@feirafireshow\" \/>\n<meta name=\"twitter:label1\" content=\"Est. tempo de leitura\" \/>\n\t<meta name=\"twitter:data1\" content=\"1 minuto\" \/>\n<script type=\"application\/ld+json\" class=\"yoast-schema-graph\">{\"@context\":\"https:\/\/schema.org\",\"@graph\":[{\"@type\":\"Organization\",\"@id\":\"https:\/\/fireshow.com.br\/#organization\",\"name\":\"Fire Show - International Fire Fair\",\"url\":\"https:\/\/fireshow.com.br\/\",\"sameAs\":[\"https:\/\/www.facebook.com\/Fire-Show-1113145285392042\/\",\"https:\/\/www.instagram.com\/fireshowbrasil\/\",\"https:\/\/www.youtube.com\/channel\/UCcrepgp7vdG5UxMwei4-OjA\",\"https:\/\/twitter.com\/feirafireshow\"],\"logo\":{\"@type\":\"ImageObject\",\"@id\":\"https:\/\/fireshow.com.br\/#logo\",\"inLanguage\":\"pt-BR\",\"url\":\"https:\/\/glorious-green-crane.72-61-35-14.cpanel.site\/wp-content\/uploads\/2017\/11\/favicon-fireshow.png\",\"contentUrl\":\"https:\/\/glorious-green-crane.72-61-35-14.cpanel.site\/wp-content\/uploads\/2017\/11\/favicon-fireshow.png\",\"width\":250,\"height\":250,\"caption\":\"Fire Show - International Fire Fair\"},\"image\":{\"@id\":\"https:\/\/fireshow.com.br\/#logo\"}},{\"@type\":\"WebSite\",\"@id\":\"https:\/\/fireshow.com.br\/#website\",\"url\":\"https:\/\/fireshow.com.br\/\",\"name\":\"Fire Show\",\"description\":\"International Fire Fair\",\"publisher\":{\"@id\":\"https:\/\/fireshow.com.br\/#organization\"},\"potentialAction\":[{\"@type\":\"SearchAction\",\"target\":{\"@type\":\"EntryPoint\",\"urlTemplate\":\"https:\/\/fireshow.com.br\/?s={search_term_string}\"},\"query-input\":\"required name=search_term_string\"}],\"inLanguage\":\"pt-BR\"},{\"@type\":\"WebPage\",\"@id\":\"https:\/\/fireshow.com.br\/?page_id=291#webpage\",\"url\":\"https:\/\/fireshow.com.br\/?page_id=291\",\"name\":\"Quem Exp\u00f5e na Fire Show | International Fire Fair\",\"isPartOf\":{\"@id\":\"https:\/\/fireshow.com.br\/#website\"},\"datePublished\":\"2015-09-10T17:35:01+00:00\",\"dateModified\":\"2025-09-15T01:30:50+00:00\",\"description\":\"Confira Quem Exp\u00f5e na Fire Show, Setores, Empresas Nacionais e Internacionais que est\u00e3o no Evento Refer\u00eancia do Setor de Resgate e Prote\u00e7\u00e3o contra Inc\u00eandio\",\"breadcrumb\":{\"@id\":\"https:\/\/fireshow.com.br\/?page_id=291#breadcrumb\"},\"inLanguage\":\"pt-BR\",\"potentialAction\":[{\"@type\":\"ReadAction\",\"target\":[\"https:\/\/fireshow.com.br\/?page_id=291\"]}]},{\"@type\":\"BreadcrumbList\",\"@id\":\"https:\/\/fireshow.com.br\/?page_id=291#breadcrumb\",\"itemListElement\":[{\"@type\":\"ListItem\",\"position\":1,\"name\":\"In\u00edcio\",\"item\":\"https:\/\/fireshow.com.br\/\"},{\"@type\":\"ListItem\",\"position\":2,\"name\":\"Quem Exp\u00f5e\"}]}]}<\/script>\n<!-- \/ Yoast SEO plugin. -->","yoast_head_json":{"title":"Quem Exp\u00f5e na Fire Show | International Fire Fair","description":"Confira Quem Exp\u00f5e na Fire Show, Setores, Empresas Nacionais e Internacionais que est\u00e3o no Evento Refer\u00eancia do Setor de Resgate e Prote\u00e7\u00e3o contra Inc\u00eandio","robots":{"index":"index","follow":"follow","max-snippet":"max-snippet:-1","max-image-preview":"max-image-preview:large","max-video-preview":"max-video-preview:-1"},"canonical":"https:\/\/fireshow.com.br\/?page_id=291","og_locale":"pt_BR","og_type":"article","og_title":"Quem Exp\u00f5e na Fire Show | International Fire Fair","og_description":"Confira Quem Exp\u00f5e na Fire Show, Setores, Empresas Nacionais e Internacionais que est\u00e3o no Evento Refer\u00eancia do Setor de Resgate e Prote\u00e7\u00e3o contra Inc\u00eandio","og_url":"https:\/\/fireshow.com.br\/?page_id=291","og_site_name":"Fire Show","article_publisher":"https:\/\/www.facebook.com\/Fire-Show-1113145285392042\/","article_modified_time":"2025-09-15T01:30:50+00:00","twitter_card":"summary_large_image","twitter_site":"@feirafireshow","twitter_misc":{"Est. tempo de leitura":"1 minuto"},"schema":{"@context":"https:\/\/schema.org","@graph":[{"@type":"Organization","@id":"https:\/\/fireshow.com.br\/#organization","name":"Fire Show - International Fire Fair","url":"https:\/\/fireshow.com.br\/","sameAs":["https:\/\/www.facebook.com\/Fire-Show-1113145285392042\/","https:\/\/www.instagram.com\/fireshowbrasil\/","https:\/\/www.youtube.com\/channel\/UCcrepgp7vdG5UxMwei4-OjA","https:\/\/twitter.com\/feirafireshow"],"logo":{"@type":"ImageObject","@id":"https:\/\/fireshow.com.br\/#logo","inLanguage":"pt-BR","url":"https:\/\/glorious-green-crane.72-61-35-14.cpanel.site\/wp-content\/uploads\/2017\/11\/favicon-fireshow.png","contentUrl":"https:\/\/glorious-green-crane.72-61-35-14.cpanel.site\/wp-content\/uploads\/2017\/11\/favicon-fireshow.png","width":250,"height":250,"caption":"Fire Show - International Fire Fair"},"image":{"@id":"https:\/\/fireshow.com.br\/#logo"}},{"@type":"WebSite","@id":"https:\/\/fireshow.com.br\/#website","url":"https:\/\/fireshow.com.br\/","name":"Fire Show","description":"International Fire Fair","publisher":{"@id":"https:\/\/fireshow.com.br\/#organization"},"potentialAction":[{"@type":"SearchAction","target":{"@type":"EntryPoint","urlTemplate":"https:\/\/fireshow.com.br\/?s={search_term_string}"},"query-input":"required name=search_term_string"}],"inLanguage":"pt-BR"},{"@type":"WebPage","@id":"https:\/\/fireshow.com.br\/?page_id=291#webpage","url":"https:\/\/fireshow.com.br\/?page_id=291","name":"Quem Exp\u00f5e na Fire Show | International Fire Fair","isPartOf":{"@id":"https:\/\/fireshow.com.br\/#website"},"datePublished":"2015-09-10T17:35:01+00:00","dateModified":"2025-09-15T01:30:50+00:00","description":"Confira Quem Exp\u00f5e na Fire Show, Setores, Empresas Nacionais e Internacionais que est\u00e3o no Evento Refer\u00eancia do Setor de Resgate e Prote\u00e7\u00e3o contra Inc\u00eandio","breadcrumb":{"@id":"https:\/\/fireshow.com.br\/?page_id=291#breadcrumb"},"inLanguage":"pt-BR","potentialAction":[{"@type":"ReadAction","target":["https:\/\/fireshow.com.br\/?page_id=291"]}]},{"@type":"BreadcrumbList","@id":"https:\/\/fireshow.com.br\/?page_id=291#breadcrumb","itemListElement":[{"@type":"ListItem","position":1,"name":"In\u00edcio","item":"https:\/\/fireshow.com.br\/"},{"@type":"ListItem","position":2,"name":"Quem Exp\u00f5e"}]}]}},"_links":{"self":[{"href":"https:\/\/fireshow.com.br\/index.php?rest_route=\/wp\/v2\/pages\/291","targetHints":{"allow":["GET"]}}],"collection":[{"href":"https:\/\/fireshow.com.br\/index.php?rest_route=\/wp\/v2\/pages"}],"about":[{"href":"https:\/\/fireshow.com.br\/index.php?rest_route=\/wp\/v2\/types\/page"}],"author":[{"embeddable":true,"href":"https:\/\/fireshow.com.br\/index.php?rest_route=\/wp\/v2\/users\/2"}],"replies":[{"embeddable":true,"href":"https:\/\/fireshow.com.br\/index.php?rest_route=%2Fwp%2Fv2%2Fcomments&post=291"}],"version-history":[{"count":12,"href":"https:\/\/fireshow.com.br\/index.php?rest_route=\/wp\/v2\/pages\/291\/revisions"}],"predecessor-version":[{"id":10897,"href":"https:\/\/fireshow.com.br\/index.php?rest_route=\/wp\/v2\/pages\/291\/revisions\/10897"}],"wp:attachment":[{"href":"https:\/\/fireshow.com.br\/index.php?rest_route=%2Fwp%2Fv2%2Fmedia&parent=291"}],"curies":[{"name":"wp","href":"https:\/\/api.w.org\/{rel}","templated":true}]}}